
Let m(t) = t**3 + 7*t**2 - 10*t + 11. Calculate m(-8).
27
Let a(b) = -3*b**2 - 55*b - 22. Give a(-18).
-4
Let q(b) = 7*b - 23. Calculate q(4).
5
Let q(u) = -u**2 - 10*u - 2. Give q(-4).
22
Let x(s) = s**3 - 1. What is x(-1)?
-2
Let j(u) = -17*u + 17. What is j(-4)?
85
Let j(p) = -171*p + 169. Calculate j(1).
-2
Let k(m) = -8*m + 1. What is k(-6)?
49
Let r(k) = -k**2 - 14*k + 13. Determine r(-15).
-2
Let a(d) = d + 10. Determine a(20).
30
Let o(j) = 2*j**3 + 4*j**2 + 2*j + 7. Determine o(-3).
-17
Let f(x) = x**3 - 14*x**2 - 14*x - 5. What is f(15)?
10
Let d(i) = -2*i**3 + 46*i**2 - i + 44. What is d(23)?
21
Let i(a) = a**3 - 6*a**2 - a + 4. Determine i(6).
-2
Let f(g) = 3*g**2 + 23*g + 49. Determine f(-8).
57
Let t(h) = -2*h**2 - 32*h - 11. What is t(-16)?
-11
Let n(a) = a**3 + 2*a**2 + 5*a - 4. Calculate n(-3).
-28
Let v(k) = -17*k - 5. Determine v(-1).
12
Let u(j) = -2*j**2 - 17*j + 12. What is u(-9)?
3
Let d(n) = -9*n - 9. Give d(-2).
9
Let s(b) = -b**2 - 19*b - 19. Determine s(-10).
71
Let a(p) = 5*p**2 + p - 6. Calculate a(-3).
36
Let q(b) = b - 3. Determine q(0).
-3
Let z(b) = -b**2 + 2*b + 5. What is z(-2)?
-3
Let h(k) = -k**3 - 3*k**2 - 3. Give h(-3).
-3
Let c(o) = o**3 - 21*o**2 - 23*o + 28. Determine c(22).
6
Let m(l) = -l + 4. Determine m(-3).
7
Let b(r) = -2*r - 19. Give b(-7).
-5
Let n(s) = 3*s**3 - s**2 - 15*s - 7. Determine n(-2).
-5
Let o(i) = i**2 + 45*i + 385. Determine o(-11).
11
Let d(x) = x**2 + 15*x - 31. What is d(8)?
153
Let c(i) = 8*i - 12. Give c(3).
12
Let b(f) = -56*f**3 + 2*f**2 - f. What is b(1)?
-55
Let m(h) = 33*h**2 - 6*h + 3. Give m(2).
123
Let v(h) = -h**3 + 9*h**2 - 10*h + 13. Give v(8).
-3
Let j(d) = -d**2 - 4*d + 13. What is j(-6)?
1
Let m(q) = -15*q + 36. Give m(2).
6
Let v(y) = y - 5. Calculate v(8).
3
Let b(f) = f**3 + f**2 - 20*f - 2. Give b(4).
-2
Let t(h) = h**2 - 12*h + 17. Determine t(12).
17
Let v(q) = -q - 5. What is v(3)?
-8
Let l(y) = -3*y + 34. Give l(17).
-17
Let b(n) = -3*n**3 - 48*n**2 + 49*n - 23. What is b(-17)?
11
Let u(y) = -y**3 - 17*y**2 + 59*y - 5. What is u(-20)?
15
Let l(y) = -y**2 - 9*y + 3. What is l(-10)?
-7
Let q(m) = -2*m**3 - 27*m**2 - 13*m + 2. Calculate q(-13).
2
Let w(r) = r**2 + 8*r - 9. Determine w(-10).
11
Let b(c) = 2*c**2 - 82*c + 224. Calculate b(38).
-4
Let l(d) = 17*d - 77. Determine l(5).
8
Let l(x) = -3*x. Calculate l(1).
-3
Let y(j) = 4*j**2 - 52*j - 1. Calculate y(13).
-1
Let j(q) = -q**3 + 7*q**2 + 196*q + 44. Calculate j(18).
8
Let u(s) = 3*s + 31. Determine u(-9).
4
Let z(d) = -d**3 - 6*d**2 - d + 14. What is z(-6)?
20
Let t(o) = -o - 28. Determine t(19).
-47
Let c(b) = b**3 + 11*b**2 + 7*b + 4. Determine c(-4).
88
Let q(j) = -j**2 - 16*j - 7. Calculate q(-16).
-7
Let u(o) = o**3 + 9*o**2 + 12*o + 218. Calculate u(-10).
-2
Let g(j) = j**2 - 12*j - 8. Determine g(11).
-19
Let t(q) = -7*q - 128. What is t(-20)?
12
Let y(g) = g**2 - 4*g + 5. Calculate y(3).
2
Let v(b) = -21*b - 3. Determine v(-1).
18
Let x(n) = -3*n**2 - 13*n + 3. What is x(-6)?
-27
Let j(b) = -b**3 - 3*b**2 + 6*b + 4. Give j(-4).
-4
Let m(j) = j**2 - 4*j + 1. Calculate m(2).
-3
Let d(v) = v**3 - 11*v**2 - 25*v - 10. What is d(13)?
3
Let w(k) = -16*k + 229. Calculate w(13).
21
Let m(o) = -3*o**2 + 13*o - 2. Determine m(7).
-58
Let g(z) = -2*z + 4. Give g(7).
-10
Let u(h) = h**2 - 8*h + 11. What is u(4)?
-5
Let l(z) = 21*z**2 + z - 2. Give l(1).
20
Let a(g) = -g - 17. Give a(-9).
-8
Let z(f) = f**3 - 5*f**2 - 3*f + 2. Give z(5).
-13
Let r(p) = -7*p + 46. Determine r(6).
4
Let u(a) = 10*a + 15. What is u(-10)?
-85
Let s(n) = n**3 - 5*n**2 - n + 9. Determine s(4).
-11
Let i(p) = 6*p + 3. Calculate i(-4).
-21
Let u(l) = -l**2 - 27*l - 88. What is u(-25)?
-38
Let k(f) = -f**2 + 3*f + 7. Determine k(4).
3
Let y(s) = -s**2 + 14*s - 7. What is y(5)?
38
Let d(g) = -4*g**3 - 7*g**2 - 5*g + 2. Determine d(-1).
4
Let a(j) = -j**3 - 10*j**2 + 40*j + 10. Calculate a(-13).
-3
Let y(m) = 3*m. Give y(3).
9
Let u(a) = 5*a**3 + 3*a**2 + 4*a + 3. What is u(-2)?
-33
Let b(o) = o**2 - 3. Calculate b(0).
-3
Let m(q) = q**3 - 2*q**2 + 3*q - 1. Calculate m(3).
17
Let y(a) = -a**2 - 20*a + 64. Determine y(-23).
-5
Let h(f) = f**3 - 5*f**2 - f - 1. What is h(5)?
-6
Let y(n) = 3*n**3 + 3*n + 4. What is y(-2)?
-26
Let y(k) = 25*k + 3. Calculate y(-5).
-122
Let t(s) = s**3 - 10*s**2 - 24*s + 244. What is t(10)?
4
Let r(z) = z**3 + 11*z**2 + 21*z + 21. Calculate r(-8).
45
Let x(k) = -3*k**2 + 12*k + 7. Calculate x(6).
-29
Let u(m) = m + 4. Calculate u(-10).
-6
Let l(s) = -s. What is l(-2)?
2
Let t(m) = 5*m + 19. Calculate t(-10).
-31
Let b(o) = -2*o**3 - 4*o**2 - 3*o - 13. Calculate b(-3).
14
Let n(c) = -52*c + 13. Give n(-1).
65
Let t(z) = 2*z**3 - 10*z**2 + z + 1. Calculate t(5).
6
Let d(h) = -h**3 - 11*h**2 + 12*h - 7. Determine d(-12).
-7
Let x(h) = 2*h**2 + 12*h + 4. What is x(-8)?
36
Let a(n) = -10*n + 15. Give a(-4).
55
Let x(d) = -3*d**3 - 2*d**2 + 3*d + 8. Calculate x(-2).
18
Let u(q) = 2*q - 17. What is u(-10)?
-37
Let y(v) = -v**3 + 12*v**2 + 15*v - 9. Determine y(13).
17
Let t(s) = s**2 + 26*s + 143. Calculate t(-18).
-1
Let t(z) = 4*z + 199. What is t(-27)?
91
Let p(d) = -d**2 - 6*d - 26. What is p(0)?
-26
Let j(c) = c**3 - 11*c**2 + 8*c + 12. Give j(10).
-8
Let r(q) = q**3 - 12*q**2 - 2*q - 12. Determine r(12).
-36
Let v(q) = -4*q**2 - 45*q + 3. Give v(-11).
14
Let u(t) = -t**2 + 21*t + 15. Determine u(22).
-7
Let v(a) = -2*a**2 + 20*a - 9. Give v(8).
23
Let n(h) = -4*h**2 - 142*h - 333. What is n(-33)?
-3
Let t(x) = -13*x - 1. Calculate t(1).
-14
Let t(g) = g**2 - 27*g + 128. What is t(5)?
18
Let n(m) = -6*m**2 - 1. What is n(2)?
-25
Let t(r) = -5*r**2 + 8*r + 11. Give t(-2).
-25
Let m(f) = -f**3 + 5*f**2 - 2*f - 3. Calculate m(3).
9
Let f(w) = w**2 - 2*w - 1. Give f(-3).
14
Let i(p) = -11*p**2 + 2*p - 1. Determine i(2).
-41
Let x(s) = -4*s + 4. Calculate x(3).
-8
Let p(w) = 2*w**3 - 6*w**2 + 10*w - 31. Calculate p(3).
-1
Let r(z) = 6*z**2 - 46*z + 50. Give r(6).
-10
Let k(c) = -c**3 + 2*c**2 + 3. What is k(3)?
-6
Let y(n) = 2*n + 2. What is y(-6)?
-10
Let x(l) = -l**3 - 15*l**2 - 43*l + 9. Determine x(-11).
-2
Let c(s) = s**3 + 2*s**2 - 4*s + 12. Determine c(-4).
-4
Let o(b) = -b**3 + 4*b**2 + 13*b + 11. What is o(6)?
17
Let d(x) = 4*x + 57. Give d(-17).
-11
Let j(t) = t**3 - 14*t**2 - 14*t - 13. Give j(15).
2
Let h(j) = -j**3 + 17*j**2 - 18*j + 30. Determine h(16).
-2
Let p(d) = 3*d**2 + 12*d + 24. Give p(-3).
15
Let n(i) = i**2 - i - 127. Give n(12).
5
Let g(o) = 3*o**2 - 4*o - 11. Determine g(-3).
28
Let w(u) = 4*u**2 + 2*u + 5. What is w(-4)?
61
Let y(f) = -f**3 + 10*f**2 - 10*f + 8. Calculate y(8).
56
Let c(o) = -40*o + 1. Calculate c(1).
-39
Let a(p) = -p**3 + 27*p**2 - p + 7. Determine a(27).
-20
Let f(p) = -6*p + 17. Give f(10).
-43
Let u(i) = -2*i - 42. Give u(-18).
-6
Let k(s) = 7*s + 1. Calculate k(6).
43
Let z(b) = -b**3 - 12*b**2 + 14*b + 32. Calculate z(-13).
19
Let h(l) = -12*l + 7. Determine h(1).
-5
Let q(w) = -w**2 + 21. Calculate q(6).
-15
Let v(s) = -s**2 - 15*s - 18. Give v(-16).
-34
Let a(b) = -5*b - 18. What is a(-6)?
12
Let n(x) = 6*x - 24. What is n(6)?
12
Let f(h) = 2*h**2 - 12*h - 111. Give f(-5).
-1
Let w(z) = -z**2 - 10*z - 9. What is w(-5)?
16
Let l(x) = 53*x + 1532. What is l(-29)?
-5
Let y(a) = -a**2 - 5*a - 5. What is y(-7)?
-19
Let s(q) = 2*q + 66. Give s(-11).
44
Let g(b) = -b**3 - 2*b**2 - 4*b. Give g(3).
-57
Let n(b) = 2*b - 3. Give n(-2).
-7
Let c(u) = u**2 + 10*u + 18. What is c(-3)?
-3
Let s(c) = -10*c + 9. Give s(5).
-41
Let m(t) = -t**2 + 6*t + 1. Calculate m(3).
10
Let a(k) = 4*k**2 + 29*k + 5. Determine a(-7).
-2
Let q(d) = -d**3 + 2*d**2 - 11*d + 21. Give q(2).
-1
Let y(b) = b**3 + 11*b**2 + b + 9. Give y(-11).
-2
Let q(a) = -11*a + 222. What is q(20)?
2
Let t(v) = -v**2 - v - 15. Determine t(7).
-71
Let u(b) = b**3 - 13*b**2 - 16*b + 25. What is u(14)?
-3
Let q(w) = 2*w**3 - 2*w - 2. What is q(-1)?
-2
Let m(n) = n**3 - n**2 - 2*n - 1. Give m(2).
-1
Let t(w) = 2*w + 10. Give t(-9).
-8
Let v(b) = b**2 - 14*b - 12. Determine v(10).
-52
Let w(c) = -3*c**2 - 5*c - 7. Give w(-2).
-9
Let f(w) = w**2 + 14*w - 5. Determine f(-13).
-18
Let x(b) = -17*b + 316. Determine x(19).
-7
Let d(r) = r**3 - 9*r**2 - 2*r + 28. Calculate d(9).
10
Let d(p) = -11*p + 53. What is d(5)